{"id":132,"date":"2023-11-17T11:27:51","date_gmt":"2023-11-17T14:27:51","guid":{"rendered":"https:\/\/colorbanner.com.br\/?post_type=product&#038;p=132"},"modified":"2024-04-05T16:47:43","modified_gmt":"2024-04-05T19:47:43","slug":"caneca-magica-de-porcelana","status":"publish","type":"product","link":"https:\/\/colorbanner.com.br\/?product=caneca-magica-de-porcelana","title":{"rendered":"Caneca M\u00e1gica de Porcelana"},"content":{"rendered":"<p><em>Prepare-se para uma experi\u00eancia \u00fanica com nossa Caneca M\u00e1gica Personaliz\u00e1vel, onde suas mem\u00f3rias ganham vida!<\/em><\/p>\n<p><em>Feita com cer\u00e2mica de alta qualidade, esta caneca m\u00e1gica \u00e9 mais do que um simples recipiente para suas bebidas favoritas &#8211; \u00e9 um portal para a personaliza\u00e7\u00e3o criativa.<\/em><\/p>\n<p><em> Adicione um toque de magia ao seu dia a dia personalizando esta caneca com sua foto, frase inspiradora, mensagem carinhosa ou arte original.<\/em><\/p>\n","protected":false},"excerpt":{"rendered":"<p>Prepare-se para uma experi\u00eancia \u00fanica com nossa Caneca M\u00e1gica Personaliz\u00e1vel, onde suas mem\u00f3rias ganham vida! Feita com cer\u00e2mica de alta qualidade, esta caneca m\u00e1gica \u00e9 mais do que um simples recipiente para suas bebidas favoritas &#8211; \u00e9 um portal para a personaliza\u00e7\u00e3o criativa. Adicione um toque de magia ao seu dia a dia personalizando esta [&hellip;]<\/p>\n","protected":false},"featured_media":875,"comment_status":"closed","ping_status":"closed","template":"","meta":[],"product_brand":[],"product_cat":[38],"product_tag":[55],"class_list":{"0":"post-132","1":"product","2":"type-product","3":"status-publish","4":"has-post-thumbnail","6":"product_cat-caneca","7":"product_tag-brindes","9":"first","10":"instock","11":"taxable","12":"shipping-taxable","13":"purchasable","14":"product-type-simple"},"_links":{"self":[{"href":"https:\/\/colorbanner.com.br\/index.php?rest_route=\/wp\/v2\/product\/132","targetHints":{"allow":["GET"]}}],"collection":[{"href":"https:\/\/colorbanner.com.br\/index.php?rest_route=\/wp\/v2\/product"}],"about":[{"href":"https:\/\/colorbanner.com.br\/index.php?rest_route=\/wp\/v2\/types\/product"}],"replies":[{"embeddable":true,"href":"https:\/\/colorbanner.com.br\/index.php?rest_route=%2Fwp%2Fv2%2Fcomments&post=132"}],"wp:featuredmedia":[{"embeddable":true,"href":"https:\/\/colorbanner.com.br\/index.php?rest_route=\/wp\/v2\/media\/875"}],"wp:attachment":[{"href":"https:\/\/colorbanner.com.br\/index.php?rest_route=%2Fwp%2Fv2%2Fmedia&parent=132"}],"wp:term":[{"taxonomy":"product_brand","embeddable":true,"href":"https:\/\/colorbanner.com.br\/index.php?rest_route=%2Fwp%2Fv2%2Fproduct_brand&post=132"},{"taxonomy":"product_cat","embeddable":true,"href":"https:\/\/colorbanner.com.br\/index.php?rest_route=%2Fwp%2Fv2%2Fproduct_cat&post=132"},{"taxonomy":"product_tag","embeddable":true,"href":"https:\/\/colorbanner.com.br\/index.php?rest_route=%2Fwp%2Fv2%2Fproduct_tag&post=132"}],"curies":[{"name":"wp","href":"https:\/\/api.w.org\/{rel}","templated":true}]}}