{"id":138,"date":"2023-11-17T11:27:51","date_gmt":"2023-11-17T14:27:51","guid":{"rendered":"https:\/\/colorbanner.com.br\/?post_type=product&#038;p=138"},"modified":"2024-04-05T16:24:10","modified_gmt":"2024-04-05T19:24:10","slug":"caneca-gel-azul","status":"publish","type":"product","link":"https:\/\/colorbanner.com.br\/?product=caneca-gel-azul","title":{"rendered":"Caneca Gel Azul"},"content":{"rendered":"<p>Voc\u00ea est\u00e1 procurando uma caneca que mant\u00e9m sua bebida gelada por mais tempo? Ent\u00e3o voc\u00ea precisa conhecer a caneca gel cor azul parede dupla congelante acr\u00edlico.<\/p>\n<p>Essa caneca \u00e9 feita de um material resistente e dur\u00e1vel, que pode ser personalizado com a sua foto ou frase preferida. Basta colocar a caneca no freezer por algumas horas e depois desfrutar da sua bebida refrescante.<\/p>\n<p>A caneca gel cor azul parede dupla congelante acr\u00edlico \u00e9 ideal para presentear algu\u00e9m especial ou para usar no seu dia a dia. N\u00e3o perca essa oportunidade e garanta j\u00e1 a sua!<\/p>\n","protected":false},"excerpt":{"rendered":"<p>Voc\u00ea est\u00e1 procurando uma caneca que mant\u00e9m sua bebida gelada por mais tempo? Ent\u00e3o voc\u00ea precisa conhecer a caneca gel cor azul parede dupla congelante acr\u00edlico. Essa caneca \u00e9 feita de um material resistente e dur\u00e1vel, que pode ser personalizado com a sua foto ou frase preferida. Basta colocar a caneca no freezer por algumas [&hellip;]<\/p>\n","protected":false},"featured_media":870,"comment_status":"closed","ping_status":"closed","template":"","meta":[],"product_brand":[],"product_cat":[38],"product_tag":[55],"class_list":{"0":"post-138","1":"product","2":"type-product","3":"status-publish","4":"has-post-thumbnail","6":"product_cat-caneca","7":"product_tag-brindes","9":"first","10":"instock","11":"taxable","12":"shipping-taxable","13":"purchasable","14":"product-type-simple"},"_links":{"self":[{"href":"https:\/\/colorbanner.com.br\/index.php?rest_route=\/wp\/v2\/product\/138","targetHints":{"allow":["GET"]}}],"collection":[{"href":"https:\/\/colorbanner.com.br\/index.php?rest_route=\/wp\/v2\/product"}],"about":[{"href":"https:\/\/colorbanner.com.br\/index.php?rest_route=\/wp\/v2\/types\/product"}],"replies":[{"embeddable":true,"href":"https:\/\/colorbanner.com.br\/index.php?rest_route=%2Fwp%2Fv2%2Fcomments&post=138"}],"wp:featuredmedia":[{"embeddable":true,"href":"https:\/\/colorbanner.com.br\/index.php?rest_route=\/wp\/v2\/media\/870"}],"wp:attachment":[{"href":"https:\/\/colorbanner.com.br\/index.php?rest_route=%2Fwp%2Fv2%2Fmedia&parent=138"}],"wp:term":[{"taxonomy":"product_brand","embeddable":true,"href":"https:\/\/colorbanner.com.br\/index.php?rest_route=%2Fwp%2Fv2%2Fproduct_brand&post=138"},{"taxonomy":"product_cat","embeddable":true,"href":"https:\/\/colorbanner.com.br\/index.php?rest_route=%2Fwp%2Fv2%2Fproduct_cat&post=138"},{"taxonomy":"product_tag","embeddable":true,"href":"https:\/\/colorbanner.com.br\/index.php?rest_route=%2Fwp%2Fv2%2Fproduct_tag&post=138"}],"curies":[{"name":"wp","href":"https:\/\/api.w.org\/{rel}","templated":true}]}}